ose b = 5*b - 232. Let p = b - 54. Suppose 2*j - 172 = -4*c, -j + 34 + 40 = -p*c. What are the prime factors of j?
2, 41
Let g = -95 + 85. Let v be (g/(-8) + 6/(-8))*-506. Let h = -149 - v. What are the prime factors of h?
2, 13
Suppose 8*d - 10*d + 90882 = 16*d. List the prime factors of d.
3, 11, 17
Suppose 2*v - q = 11, 5*v - 5*q = 18 + 22. Let r = 522 - 295. Suppose 4*g - 2*g = -3*l + r, -5*g + 557 = -v*l. What are the prime factors of g?
2, 7
Let n be -6*(2/4)/(6/(-4)). Suppose -2574 = -4*r - 2*h, 2*h + 1269 = n*r - 3*h. Suppose -3*b = 3*w - r, 0*b + 440 = 2*b - w. What are the prime factors of b?
2, 109
Suppose -12*x + 40*x - 556556 = 0. List the prime factors of x.
11, 13, 139
Let y be (-196)/1274 - (-54)/13. Let m be -24*(-5)/(-2)*-1. Suppose -b + y*b = m. List the prime factors of b.
2, 5
Suppose -18*v + 91146 + 91486 = -33170. List the prime factors of v.
19, 631
Suppose 3*r = m - 15, m = -2*m + r + 5. Suppose -3*s + u + 337 = m, 0 = s + 5*u - 45 - 94. What are the prime factors of s?
2, 3, 19
Suppose -3220 = -3*i + 1715. List the prime factors of (-4 + 1)*i/(-21).
5, 47
Suppose -14*o - 17*o = -47*o + 265760. List the prime factors of o.
2, 5, 11, 151
Let j(l) = l**3 - 2*l**2 - l + 10. Let v be j(2). List the prime factors of (-4702)/(-18) - v/36.
3, 29
Suppose -5*y + 88*d - 84*d = -14581, -14549 = -5*y - 4*d. List the prime factors of y.
3, 971
Suppose 81*w + 141*w = 4218444. List the prime factors of w.
2, 3, 3167
Let w = -53 - -61. Suppose 0 = -6*h + w*h + 30. List the prime factors of (171/h - 1)/((-7)/35).
2, 31
Let j be (5 - (-48)/(-9))*18. Let t(v) = 3*v**2 - 18*v - 23. Let b be t(j). List the prime factors of (-32)/(-8) - (0 + -2 - b).
199
Let u = 14977 + -5509. List the prime factors of u.
2, 3, 263
Let u(y) be the first derivative of 83*y**3/3 + y**2/2 + 11*y - 116. What are the prime factors of u(4)?
17, 79
Let a be 575 + 35 + (-1 - 1). Let s = a - 358. List the prime factors of s.
2, 5
Let h be (-282)/(-30) + -4 - (-3)/5. Let r be 27/h*(-1)/(-3)*236. Suppose 0*d = -d - 5*k + 99, -3*d = -4*k - r. List the prime factors of d.
2, 3, 19
Let a(l) = 16*l**2 - 31*l - 186. What are the prime factors of a(-24)?
2, 3, 181
Suppose -2*r - 2077 = 3*l, -r - 1287 = 5*l - 266. Let x = -368 - r. What are the prime factors of x?
2, 3, 113
Let v = -8260 + 16491. What are the prime factors of v?
8231
Suppose -70*a + 66162 = -64*a. List the prime factors of a.
11027
Suppose 2*r + 8 = 3*m + 39, 35 = 4*r + 3*m. Suppose r*f = 2*f + 5166. List the prime factors of f.
2, 7, 41
Suppose -12*v - 54 = -3*v. Let t(h) = 5*h**2 + h + 1. List the prime factors of t(v).
5, 7
Let c be (-28)/126 + ((-348)/27)/(-4). Suppose 5*p + c*j = 1345 + 308, -5*j + 995 = 3*p. What are the prime factors of p?
2, 3, 5, 11
Let c be -9*2/15*(-7520)/6. Suppose -c = 138*q - 142*q. List the prime factors of q.
2, 47
Let k = -193 - -4369. What are the prime factors of k?
2, 3, 29
Let o be -2 - ((-7)/14)/(1/2). Let t be (-13 - -1) + (1 - (o + 5)). Let v(d) = -4*d - 11. What are the prime factors of v(t)?
7
Let h = -4638 + 11768. What are the prime factors of h?
2, 5, 23, 31
What are the prime factors of 0 - ((2 - (6 + -5))/(-1) + -10390)?
10391
Suppose 5*z + l - 9 = 0, 8*z - 2 = 5*z - 4*l. Suppose -6 - z = 4*p. What are the prime factors of 21 + (-1 + p - (-4 - -2))?
2, 5
Let q = 192 + -1446. What are the prime factors of -3 - ((-2)/4)/((-3)/q)?
2, 103
Suppose -2*l + 3708 = l. Suppose -s = -5*v + 3, -2*s - 5*v = 264 - 288. Suppose l = 13*r - s*r. List the prime factors of r.
2, 103
Let t(l) be the second derivative of 0 - 1/4*l**4 - 30*l + 1/2*l**3 + 1/20*l**5 + 2*l**2. What are the prime factors of t(4)?
2
Suppose -28*j + 24*j = -8. Suppose 4*f - 349 - 235 = 0. Suppose -2*p = j*i - 58 - f, -i = -2*p + 192. List the prime factors of p.
2, 7
Let r(q) = 3*q + 46. Let o be r(-14). Suppose 0 = o*b + 5*v - 12, 9*v = 3*b + 4*v - 9. Suppose 0 = -k + 6 - b, 69 = z + k. List the prime factors of z.
2, 3, 11
Let o = -1 - 1. Let t(h) = h**3 + 30*h**2 - 676*h - 42. Let g be t(-45). What are the prime factors of 74*((-9)/o - g)?
3, 37
Let o = 482 - -67. Suppose -3*s - 3*b - 57 + 396 = 0, 5*s - 3*b = o. What are the prime factors of s?
3, 37
Let b(m) = m**2 - 17*m + 37. Suppose 3*s + 783 = 5*y + 8, 466 = 3*y - 2*s. Suppose 2*u - y = -114. What are the prime factors of b(u)?
3, 5
Suppose 92 = 15*b - 12*b - 4*h, 0 = 3*b - 2*h - 82. Suppose -15*c + b*c = 153. List the prime factors of c.
17
Let o = -24983 + 46909. List the prime factors of o.
2, 19, 577
Let k be (-210)/(-8 - -3) - 0. Let r = k + 36. What are the prime factors of (r/12)/((-3)/(-30))?
5, 13
Let c be ((-15)/(-18))/((-2)/(-12)). Let x(u) = u**2 + 4*u - 10. Let m be x(c). Suppose -3*z - m = -o, -1 = -z - 0. What are the prime factors of o?
2, 19
List the prime factors of -1*14932*(8/(-6) - (-40)/48).
2, 3733
Let b = -11211 + 17802. List the prime factors of b.
3, 13
Suppose -5*i + 28481 = 5*j - 33569, 4*i = j - 12400. List the prime factors of j.
2, 3, 11, 47
Suppose 0 = -3*q + 7*q + 5*k - 48767, 0 = 5*q - k - 60908. What are the prime factors of q?
3, 31, 131
Let b = 5379 - 2944. List the prime factors of b.
5, 487
Suppose -4*b + 2128 = -0*b. Suppose u - 2*g - 184 = -0*u, -4*g = 3*u - b. Suppose 0 = -3*c + 12, 2*f - 3*c - u = 2*c. What are the prime factors of f?
2, 5
Let p = -432 + 523. Suppose 281 = 4*t + 85. Let g = p - t. List the prime factors of g.
2, 3, 7
Let w = 31827 - 24759. List the prime factors of w.
2, 3, 19, 31
Let z(o) = -6*o**2 + 14*o + 251. Let a(d) = 8*d**2 - 15*d - 251. Let s(x) = 2*a(x) + 3*z(x). List the prime factors of s(0).
251
Let g(f) = 155*f**2 - 24*f - 77. List the prime factors of g(-4).
3, 7, 17
Let s = 9 + -12. Let j be (-2)/(-4)*24/(s/(-1)). Suppose -j*h - 260 = -2*t, -3*h = 5*t + h - 636. What are the prime factors of t?
2
Let c be (-10)/6 + 1 + 464/(-24). Let u = 90 - c. What are the prime factors of u?
2, 5, 11
Suppose -1878 = -3*b + 4425. Suppose 7*r + z = 3*r + 2095, 3*z - b = -4*r. List the prime factors of r.
523
Suppose -6233 = -2*z - 5*m + 3498, 4*z + 2*m = 19518. What are the prime factors of z?
19, 257
Let z(r) = -17*r - 9. Let q(o) = -o**3 - 11*o**2 + 13*o - 12. Let n be q(-12). Let b be (-86)/16 + (-9)/n. List the prime factors of z(b).
2, 19
Let g = 84 - 75. Let m = g - 7. Suppose 0 = m*k - k - 4*j - 47, j - 47 = -k. What are the prime factors of k?
47
Let q(g) = 14*g**3 - g**2 + 21*g - 47. List the prime factors of q(13).
5, 6163
Let i(g) = 2*g**3 + 8*g**2 + 7*g + 3. Let h be i(-3). Suppose h = -53*m + 51*m + 214. What are the prime factors of m?
107
Suppose -o - 2 + 8 = 0. List the prime factors of (-4)/o*(2436/(-8) - 0).
7, 29
Let z be 68/(-16) + (90/(-24) - -4). Let d(h) = -13*h**3 + 5*h**2 + 14*h - 3. What are the prime factors of d(z)?
853
Let l(c) = 3236*c - 7057. List the prime factors of l(16).
197, 227
Suppose 4 = 2*p - 6. Let m(h) = 14 - 3 - 17 + 33*h. What are the prime factors of m(p)?
3, 53
Let z = -1506 - -2851. List the prime factors of z.
5, 269
Let q = 72125 - 37321. What are the prime factors of q?
2, 7, 11, 113
Let a be -1*(-1 - (86 + -1)). Let y = 316 + -237. Suppose a = 3*k - y. What are the prime factors of k?
5, 11
Let n = 54 - 54. Suppose -15 = -3*t - n. Suppose 2*z + 126 = t*b - 2*z, -5*z - 47 = -2*b. What are the prime factors of b?
2, 13
Suppose 77 = u - 66. Suppose 133*a + 3980 = u*a. What are the prime factors of a?
2, 199
Suppose -482 = -5*l + 5948. Suppose 23*d - 22*d = -2*s + l, s - 648 = 2*d. What are the prime factors of s?
2, 7, 23
Suppose q + 70 = -5*j, 2*q + 4*j = 102 - 272. Let m be 19/q - (24/5 + 0). List the prime factors of ((-171)/m)/(12/60) + 1.
2, 43
Let w be 16802/15 - 12/90. Suppose -72*l + w = -68*l. List the prime factors of l.
2, 5, 7
Let p(i) = i**3 - 7*i**2 + 8*i - 3. Let g be p(6). Suppose 0 = 3*t - g*t + 12. What are the prime factors of (t + (-107)/3)*-3?
101
List the prime factors of (-370)/((-11)/(2607/6)) - 0.
5, 37, 79
Suppose v - 28849 = -3*r + 6698, 59225 = 5*r + 5*v. List the prime factors of r.
7, 1693
Let d be (10 + 16980/(-9))/((-2)/(-24)). What are the prime factors of 20/9 + -2 + d/(-72)?
313
Let i(h) be the second derivative of -h**5/30 + h**4/12 + 13*h**3 - 4*h**2 - 8*h. Let z(l) be the first derivative of i(l). L